 common divisor of g and z.
22
Suppose -18*a - 1160 = -47*a. Calculate the highest common divisor of a and 35.
5
Let h = -4375 - -7878. Calculate the greatest common divisor of h and 113.
113
Let x be (-144)/(-288) - (-113)/2. Let v = 119 + -76. Let c = x - v. What is the greatest common factor of 35 and c?
7
Suppose -g = 4*b - 380, 3*g - 686 = 3*b + 499. Calculate the greatest common divisor of 40 and g.
8
Let v = -141 - -139. Let b(k) = k + 28. Let u be b(v). What is the greatest common factor of 468 and u?
26
Let z = -2825 + 2861. Calculate the greatest common factor of 5604 and z.
12
Let s(t) = t**3 + 6*t**2 - 7*t. Let o be ((1 - 2) + 2)/(7/(-49)). Let k be s(o). Suppose 5*v - 11 + 6 = k. What is the highest common divisor of v and 3?
1
Let s be (-16)/(-208) - (-464)/52. Let m(h) = h**3 - 9*h**2 - 11*h - 10. Let x be m(10). Let k = x + 21. Calculate the greatest common divisor of k and s.
1
Suppose 136 = -317*q + 351*q. What is the highest common factor of q and 18?
2
Let m be (-4 - -3)*(146 - -11). Let k = -156 - m. What is the greatest common factor of k and 16?
1
Let g = 214 + -70. Let v = -41310 - -41346. What is the greatest common factor of v and g?
36
Let s be (-3 - 531/(-15))*30/9. Suppose -x + 5*g + 33 = 0, 0 = -4*x + 339*g - 342*g + 201. What is the greatest common divisor of x and s?
12
Let v(k) = -k**2 + 18*k - 43. Let w be v(13). Suppose -q + o = -w - 15, q = -o + 29. What is the greatest common factor of 9 and q?
3
Suppose 3*g = -4*d + 46, 0*d + 5*d = 5*g - 135. Suppose -g*m + 529 = -395. Calculate the greatest common factor of 12 and m.
6
Suppose 487 = -b - 5*d - 28, 5*d - 955 = 2*b. Let f be b/(-5) - 6/3. Calculate the highest common factor of 6 and f.
6
Suppose -88 = 4*r + 164. Let t = -33 - r. Let z be 116/203*21/2. Calculate the highest common factor of z and t.
6
Let f = 15 + -7. Suppose 0 = 21*z - 18*z - 9. Suppose -z*c + 3*u = -15, c + 7*u = 4*u + 1. Calculate the greatest common divisor of f and c.
4
Suppose 5*n - 630 = 3*a, 3*n + 37*a = 35*a + 378. What is the highest common divisor of n and 5922?
126
Suppose 5*n - 2602 = -3*l - 287, 0 = -5*n + 3*l + 2285. What is the highest common factor of 184 and n?
92
Suppose -96*m = -606179 - 207709. Calculate the greatest common factor of m and 1570.
314
Suppose -3*b = g + 923, 5*b = 4*b - 2*g - 311. Let f = -299 - b. Calculate the highest common divisor of 296 and f.
8
Suppose -234*m + 244*m = 0. Suppose 681 = 2*l - r, 4*r - 20 = -m. Calculate the highest common factor of l and 98.
49
Suppose 5*k + 5*j - 35 = 0, -3*k - 45*j = -47*j - 11. Suppose 0 = -5*i + c + 251, -3*c - 189 = -k*i + 54. What is the highest common divisor of i and 221?
17
Suppose 25*o - 12 = 19*o. Suppose c - o*x - 12 = 0, -2*x + 50 = 2*c - 4. What is the highest common divisor of 528 and c?
22
Suppose -q = 3*q - 1472. Suppose i = -2*h + 23, 3*i - 2*h = -0*i + 69. Calculate the highest common divisor of q and i.
23
Suppose 711*h - 24576 = 327*h. What is the greatest common divisor of h and 7120?
16
Let n be -1 - -2 - (0 + 7). Let v be (-28)/n + 120/(-72). Suppose v*m - 32 = -5. What is the greatest common divisor of m and 81?
9
Suppose t + 4*t - 20 = 0. Suppose 0 = -33*p + 34*p - t. Suppose 0 = 6*v - p*v - 64. Calculate the greatest common divisor of 8 and v.
8
Let l = -26584 - -27892. What is the greatest common factor of l and 48?
12
Suppose 253286 = 33*k - 17050. What is the highest common divisor of k and 16?
16
Let y(o) = o**2 - 48*o + 506. Let l be y(42). What is the greatest common factor of 4 and l?
2
Let k = 4861 - 2870. Calculate the greatest common divisor of k and 77.
11
Let x = -473 + 477. Suppose -12 = -3*o, 3*d - 24 - 16 = -x*o. What is the highest common divisor of d and 168?
8
Let l = -25132 + 25159. Let m be (-1)/(-4) + (-23)/(-4). Calculate the greatest common factor of l and m.
3
Let v = -107 + 101. Let r(y) = y + 8. Let o be r(v). Suppose -2*g - o*q = -118, 65 = g + q + 2*q. What is the highest common divisor of g and 7?
7
Let y be (-41)/(21/66*12/42). Let z = y + 491. Calculate the highest common factor of z and 620.
20
Let q be 2/5 - ((-136)/10 - -4). Let p(a) = -a - q - 11*a - 50*a. Let y be p(-3). What is the highest common factor of y and 44?
44
Let o(b) = -40*b - 65. Suppose 0 = -4*k + 8, 5*k = -3*i + 7*k - 19. Let m be o(i). What is the highest common divisor of m and 15?
15
Let s be ((-228)/9)/2*(-1 + -2). Suppose g - 40 = 4*l, 0*g = g - 2*l - s. Let m be (6 - 7/1) + 19. What is the greatest common divisor of m and g?
18
Suppose 0 = 9406*g - 9408*g + 384. What is the highest common factor of g and 24000?
192
Let i = 147 - 154. Let r(o) = -7*o - 19. Let d be r(i). Calculate the highest common divisor of 15 and d.
15
Let r = -28 - -49. Let m = r + 7. Let c = -8 + m. Calculate the highest common divisor of 40 and c.
20
Suppose -110*n = -103*n - 1995. What is the highest common factor of n and 1065?
15
Suppose 1645 = -269*r + 64591. What is the greatest common factor of r and 90?
18
Suppose -8*p + 1001 + 679 = -0*p. What is the greatest common divisor of p and 11655?
105
Suppose -3*c + 5*j - 7 = 14, 0 = 2*c + 4*j + 14. Let d = c + 167. What is the greatest common factor of d and 10?
10
Let q(b) = 2*b**2 + b - 48. Suppose 14*w = -3*w + 187. Let y be q(w). What is the highest common divisor of 246 and y?
41
Suppose 3*n - 229 + 50 = -4*a, -2*a = n - 85. Calculate the greatest common factor of a and 46.
2
Let t = -9146 - -9299. Let q(r) = 85*r**2 - r + 1. Let d be q(1). Suppose -u + d = 4*u. What is the highest common factor of t and u?
17
Suppose -24*f - 36 = -12*f. Let h(n) = -25*n - 34. Let x be h(f). Calculate the highest common factor of x and 328.
41
Let a(q) = -16*q + 13. Suppose 49 = s - 3*x + 5*x, 2*s - 5*x = 125. Suppose 4*m = -m - s. Let u be a(m). Calculate the greatest common divisor of u and 21.
21
Let d = -638 + 283. Let i = d + 386. Calculate the highest common divisor of 1 and i.
1
Let r = 26 - 145. Let n = -96 - r. Calculate the greatest common divisor of n and 184.
23
Let v be 14*1*3/2. Let n(l) = -4*l**2 - 29*l + 25. Let u be n(-8). Let w(a) = -11*a + 18. Let q be w(u). What is the greatest common divisor of q and v?
7
Suppose 0 = 2*m - 5*m + 429. Let b(f) = 3*f**2 + 2*f**2 - 7 + 3*f**2 + 0*f - f + 11. Let d be b(-1). What is the highest common factor of m and d?
13
Let l be 2 + (-1200)/(-9) - (-2)/(-6). Suppose -9*f + 63 + l = 0. What is the greatest common factor of 242 and f?
22
Suppose -t + 708 = -5*t. Let r = -87 - t. Suppose -404 = -8*y - 8*y - 244. Calculate the highest common divisor of r and y.
10
Let y(p) = 182*p + 5. Let z be y(1). Let n(q) = -q**3 - q**2 + q - 4. Let u be n(-3). Calculate the greatest common factor of z and u.
11
Let q(u) = -3*u**3 + 2*u**2 + 5*u + 2. Let l = -71 + 43. Let f be (-12)/l - (-34)/(-14). Let h be q(f). Calculate the greatest common divisor of 6 and h.
6
Let z = -4276 - -4295. What is the greatest common factor of z and 4427?
19
Let s be (2/2*20)/1. Let b be 124 + (16/s - 12/(-10)). Calculate the highest common factor of 72 and b.
18
Let m be 27705/120 + (-7)/(-56). Calculate the greatest common divisor of 15477 and m.
231
Suppose 0 = -15*u - 45 - 75. Let o be (u/(-20))/(4/200). Calculate the greatest common divisor of o and 15.
5
Let j be (4 + -8 + -2)*15/(-6). What is the highest common divisor of j and 1875?
15
Suppose w = -f + 5, 2*w + f - 7 - 4 = 0. Suppose 5*a = -m + 3, w = -3*a - 9. Let t = -285647 + 285843. Calculate the highest common divisor of m and t.
28
Let r be 3 + (1 - -2 - -164). Let m(v) = -54*v - 40. Let s be m(-2). What is the highest common divisor of r and s?
34
Suppose 5*z - 9*z + 4*i = -60, 4*i = z - 30. Let w be (-18950)/(-450) - (z/9 + -1). What is the highest common divisor of 63 and w?
21
Suppose -4603 = 5*k - 2*p, 3656 = -7*k + 3*k - 5*p. Let v = -283 - k. Calculate the greatest common divisor of 36 and v.
12
Let c = -485 + 877. Let d = -189 + c. Suppose 5*y + 0*r = r + d, 4*y - 151 = -3*r. Calculate the greatest common divisor of y and 100.
20
Let i(m) = -m**2 + 68*m + 179. Let v be i(34). Calculate the greatest common divisor of v and 15.
15
Let v(n) = -41*n - 53. Let d be v(-1). Let z = 3 + -21. Let p = d - z. What is the highest common divisor of p and 42?
6
Suppose -1923 = -5*p - 4*c - 546